nder when 7505577 is divided by 821?
816
Calculate the remainder when 124063514 is divided by 607.
605
What is the remainder when 10330404 is divided by 269?
266
Calculate the remainder when 2617 is divided by 2584.
33
Calculate the remainder when 247890101 is divided by 2346.
11
What is the remainder when 36304 is divided by 424?
264
What is the remainder when 15084113 is divided by 41554?
11
Calculate the remainder when 1190309 is divided by 4939.
10
What is the remainder when 39172325 is divided by 240?
5
Calculate the remainder when 57462762 is divided by 24.
18
Calculate the remainder when 925391 is divided by 2883.
2831
What is the remainder when 622807 is divided by 7785?
7
What is the remainder when 115896 is divided by 3407?
58
Calculate the remainder when 147486 is divided by 29451.
231
What is the remainder when 21276879 is divided by 363?
360
Calculate the remainder when 127736785 is divided by 191.
187
Calculate the remainder when 128345 is divided by 10693.
29
Calculate the remainder when 3610767 is divided by 4382.
4381
Calculate the remainder when 74505 is divided by 12174.
1461
What is the remainder when 2677351 is divided by 8778?
61
Calculate the remainder when 177193 is divided by 58007.
3172
Calculate the remainder when 1857295 is divided by 618938.
481
What is the remainder when 1253032 is divided by 118?
108
Calculate the remainder when 3923842 is divided by 54.
40
What is the remainder when 89165 is divided by 3428?
37
Calculate the remainder when 663764 is divided by 331870.
24
Calculate the remainder when 6632119 is divided by 44.
43
What is the remainder when 110924 is divided by 15806?
282
What is the remainder when 8180717 is divided by 3187?
2875
Calculate the remainder when 8354584 is divided by 16810.
14
Calculate the remainder when 18288 is divided by 135.
63
What is the remainder when 439296 is divided by 63?
60
Calculate the remainder when 171252 is divided by 441.
144
Calculate the remainder when 2093101 is divided by 67519.
12
What is the remainder when 3115871 is divided by 125?
121
What is the remainder when 28930019 is divided by 1096?
3
What is the remainder when 47437270 is divided by 3434?
3428
What is the remainder when 140313 is divided by 46754?
51
What is the remainder when 556008 is divided by 2782?
2390
What is the remainder when 21867106 is divided by 199?
190
What is the remainder when 312912030 is divided by 21?
18
Calculate the remainder when 4479212 is divided by 2239542.
128
Calculate the remainder when 7215134 is divided by 24625.
9
What is the remainder when 140965 is divided by 1619?
112
Calculate the remainder when 2128529 is divided by 5661.
5654
Calculate the remainder when 1254123 is divided by 78381.
27
Calculate the remainder when 142970 is divided by 3404.
2
What is the remainder when 10625 is divided by 3476?
197
Calculate the remainder when 328458 is divided by 8876.
46
Calculate the remainder when 14116954 is divided by 113.
90
Calculate the remainder when 515092 is divided by 84.
4
Calculate the remainder when 684694 is divided by 71.
41
What is the remainder when 3334101 is divided by 4061?
20
Calculate the remainder when 2339038 is divided by 8236.
14
Calculate the remainder when 1279238 is divided by 211.
156
Calculate the remainder when 221835115 is divided by 73945035.
10
What is the remainder when 1118061 is divided by 1117975?
86
Calculate the remainder when 1686243 is divided by 1827.
1749
What is the remainder when 11244915 is divided by 4199?
4192
Calculate the remainder when 34318 is divided by 11417.
67
Calculate the remainder when 538367 is divided by 172.
7
Calculate the remainder when 22564 is divided by 485.
254
What is the remainder when 274954 is divided by 135444?
4066
Calculate the remainder when 518077 is divided by 93.
67
What is the remainder when 244034 is divided by 15250?
34
What is the remainder when 711425 is divided by 3173?
673
Calculate the remainder when 26337965 is divided by 1954.
1953
What is the remainder when 14852 is divided by 3021?
2768
What is the remainder when 100982 is divided by 50437?
108
What is the remainder when 745727 is divided by 70?
17
Calculate the remainder when 16885904 is divided by 162.
158
Calculate the remainder when 7346589 is divided by 2448858.
15
Calculate the remainder when 153110 is divided by 3331.
3215
What is the remainder when 37224268 is divided by 30?
28
What is the remainder when 780235 is divided by 1602?
61
Calculate the remainder when 13725445 is divided by 146.
131
Calculate the remainder when 37490239 is divided by 221.
20
Calculate the remainder when 11490264 is divided by 30.
24
What is the remainder when 4133783 is divided by 5293?
5243
What is the remainder when 457038 is divided by 743?
93
Calculate the remainder when 441398879 is divided by 3978.
3977
Calculate the remainder when 6441254 is divided by 1476.
1466
What is the remainder when 171237 is divided by 433?
202
What is the remainder when 93830332 is divided by 4468111?
1
What is the remainder when 201614778 is divided by 11859692?
14
What is the remainder when 425147 is divided by 964?
23
Calculate the remainder when 3345004 is divided by 7743.
28
Calculate the remainder when 349670033 is divided by 75.
8
Calculate the remainder when 2329672 is divided by 388276.
16
Calculate the remainder when 1738501 is divided by 13271.
0
What is the remainder when 44695827 is divided by 2399?
58
Calculate the remainder when 1057644 is divided by 105764.
4
What is the remainder when 4143919 is divided by 704?
175
Calculate the remainder when 192894 is divided by 11.
9
Calculate the remainder when 746778 is divided by 115.
83
Calculate the remainder when 202532 is divided by 86.
2
What is the remainder when 1589323 is divided by 794659?
5
Calculate the remainder when 258662 is divided by 980.
922
What is the remainder when 11047279 is divided by 38094?
19
What is the remainder when 52623 is divided by 6530?
383
Calculate the remainder when 784725 is divided by 108.
105
Calculate the remainder when 36639932 is divided by 3518.
3480
Calculate the remainder when 2727596 is divided by 7066.
120
What is the remainder when 56123 is divided by 1821?
1493
Calculate the remainder when 13907783 is divided by 3336.
3335
Calculate the remainder when 296061565 is divided by 37.
34
Calculate the remainder when 907218 is divided by 453597.
24
Calculate the remainder when 352413 is divided by 1185.
468
What is the remainder when 108798 is divided by 77?
74
What is the remainder when 23248 is divided by 699?
181
Calculate the remainder when 51326 is divided by 2751.
1808
Calculate the remainder when 25676839 is divided by 32.
7
Calculate the remainder when 901001 is divided by 50045.
191
What is the remainder when 1028377 is divided by 437?
116
Calculate the remainder when 1121072 is divided by 209.
205
What is the remainder when 448538 is divided by 4994?
4072
Calculate the remainder when 99883 is divided by 11096.
19
Calculate the remainder when 7637120 is divided by 7637120.
0
What is the remainder when 318509 is divided by 60?
29
Calculate the remainder when 1354579 is divided by 54178.
129
What is the remainder when 753440 is divided by 47087?
48
What is the remainder when 657698 is divided by 25?
23
What is the remainder when 22950545 is divided by 4133?
4129
What is the remainder when 55138039 is divided by 26?
21
What is the remainder when 10715309 is divided by 144801?
35
What is the remainder when 316560 is divided by 13654?
2518
Calculate the remainder when 124055363 is divided by 4621.
4618
Calculate the remainder when 1682585 is divided by 512.
153
Calculate the remainder when 52916289 is divided by 83.
54
Calculate the remainder when 575555 is divided by 12178.
3189
Calculate the remainder when 840723 is divided by 93394.
177
What is the remainder when 1133346 is divided by 566662?
22
What is the remainder when 4243769 is divided by 531?
17
What is the remainder when 775864 is divided by 965?
4
What is the remainder when 394179 is divided by 647?
156
Calculate the remainder when 22556851 is divided by 6782.
6701
Calculate the remainder when 520192713 is divided by 241.
238
Calculate the remainder when 3586251 is divided by 1048.
1043
What is the rem